m(-20)?
84
Let k(a) = 2*a + 1. Calculate k(5).
11
Let g(a) = -a**3 + 10*a**2 + 7*a - 15. What is g(10)?
55
Let s(f) = -7*f**3 - f**2 - f + 1. What is s(1)?
-8
Let l(z) = z**3 + 33*z**2 - 70*z + 51. Determine l(-35).
51
Let g(d) = d**2 + d + 21. What is g(0)?
21
Let n(w) = -4*w**2 - w + 6. Give n(5).
-99
Let s(l) = -l**3 + 17*l**2 + 16*l + 32. Give s(18).
-4
Let s(y) = 5*y + 92. Calculate s(-25).
-33
Let z(u) = -u**3 + 8*u**2 + 23. Calculate z(7).
72
Let f(j) = -4*j - 24. What is f(-9)?
12
Let v(k) = -2*k + 22. Calculate v(16).
-10
Let m(z) = -z - 7. Give m(7).
-14
Let b(i) = i**2 - 9*i + 7. Determine b(7).
-7
Let b(q) = -10*q - 32. Calculate b(9).
-122
Let w(k) = k**2 + 12*k + 4. Give w(-8).
-28
Let w(i) = 8*i**2 + i - 2. What is w(1)?
7
Let d(v) = 22*v - 3. What is d(2)?
41
Let o(n) = 3*n - 1. Determine o(-4).
-13
Let u(n) = -24*n + 74. Give u(3).
2
Let x(o) = o**3 + o**2 - 4*o + 3. Calculate x(2).
7
Let x(p) = 10*p - 86. Determine x(8).
-6
Let a(m) = m**3 - m**2. Give a(3).
18
Let a(l) = -2*l**2 - 44*l + 20. Determine a(-23).
-26
Let f(l) = -2*l**3 - l**2 + 3*l + 1. Determine f(-2).
7
Let h(n) = 8*n**2 - n - 1. What is h(-1)?
8
Let z(y) = 2*y**2 + y - 9. What is z(6)?
69
Let y(h) = h**3 + 9*h**2 + h + 90. Give y(-10).
-20
Let j(r) = -25*r - 64. What is j(-2)?
-14
Let v(a) = -a**3 + 7*a**2 - 6*a + 2. Determine v(7).
-40
Let s(l) = -2*l**2 + 33*l + 37. Determine s(17).
20
Let q(t) = t**2 + 21*t + 2. Determine q(-21).
2
Let v(b) = -4*b + 37. Determine v(14).
-19
Let m(t) = -2*t**3 - 75*t**2 - 109*t - 32. What is m(-36)?
4
Let v(j) = j**3 + 6*j**2 + 8*j - 2. Determine v(-4).
-2
Let g(i) = 78*i - 727. Determine g(9).
-25
Let l(u) = -u**2 + 10*u - 39. What is l(6)?
-15
Let r(q) = q**2 - 9*q + 8. Give r(8).
0
Let z(r) = -3*r - 26. Calculate z(-6).
-8
Let n(l) = -l**3 + 9*l**2 - 6*l + 10. Determine n(7).
66
Let t(i) = 2*i. What is t(3)?
6
Let o(z) = -z**3 - 8*z**2 + 3*z + 1. Determine o(-8).
-23
Let r(q) = q**3 - 10*q**2 - 10*q + 7. Calculate r(11).
18
Let y(r) = -r**3 - 10*r**2 + 13*r. Determine y(-10).
-130
Let c(b) = b + 9. Give c(14).
23
Let h(c) = -3*c. Calculate h(4).
-12
Let a(i) = i**3 + 8*i**2 + 6*i - 5. What is a(-7)?
2
Let z(c) = -c**3 - 8*c**2 + 3*c + 12. What is z(-8)?
-12
Let t(u) = -u**3 + 14*u**2 - 20*u + 18. What is t(13)?
-73
Let g(s) = s**2 + s - 25. What is g(-7)?
17
Let f(g) = -20*g + 67. Calculate f(4).
-13
Let m(o) = 2*o**3 - 19*o**2 + 12*o + 6. Calculate m(9).
33
Let y(x) = -x**2 - 6*x + 8. Calculate y(-8).
-8
Let k(x) = x**3 + x**2 + x - 2. What is k(2)?
12
Let s(m) = -37*m - 106. Calculate s(-3).
5
Let s(c) = -c**3 - 11*c**2 + 14*c. Give s(-12).
-24
Let k(z) = 3*z + 87. What is k(-28)?
3
Let v(f) = -3*f + 26. What is v(7)?
5
Let y(h) = -h**3 + 5*h**2 + 7*h + 4. Determine y(6).
10
Let m(k) = -49*k - 591. What is m(-12)?
-3
Let v(c) = 4*c + 23. What is v(-6)?
-1
Let i(p) = p**2 + 4*p - 4. Give i(3).
17
Let s(y) = -9*y - 7. Give s(-3).
20
Let i(s) = s**3 - 7*s**2 + s - 4. Give i(7).
3
Let c(t) = 5*t**2 + 23*t + 18. What is c(-4)?
6
Let q(h) = -5*h + 19. Give q(12).
-41
Let x(o) = -2*o + 19. What is x(0)?
19
Let b(x) = x**3 + 45*x**2 + 85*x - 47. Determine b(-43).
-4
Let l(p) = -p**3 + 3*p**2 + 5*p - 1. Calculate l(5).
-26
Let d(s) = -2*s**2 + 8*s + 19. Calculate d(7).
-23
Let t(d) = 2*d**2 + 15*d + 2. Give t(-7).
-5
Let a(h) = 3*h + 22. Determine a(-6).
4
Let l(z) = -3*z - 183. Give l(-58).
-9
Let u(z) = -z + 14. Calculate u(6).
8
Let z(b) = b**3 + 15*b**2 + 12*b - 6. Calculate z(-14).
22
Let h(w) = w**3 - 5*w**2 - w - 26. Determine h(6).
4
Let k(r) = -r**2 + 2*r + 1. Calculate k(-1).
-2
Let h(k) = 4*k - 28. Give h(3).
-16
Let q(a) = a**3 + 4*a**2 - 3*a - 20. What is q(-3)?
-2
Let i(u) = -u**2 + 26*u - 12. What is i(26)?
-12
Let p(t) = -t - 2. What is p(9)?
-11
Let j(k) = k**2 - 10*k - 9. What is j(10)?
-9
Let k(x) = -x**2 + 20*x + 12. Calculate k(7).
103
Let n(a) = 59*a - 1. Give n(-2).
-119
Let x(i) = -i**2 + i - 2. What is x(5)?
-22
Let n(t) = -t**3 + 40*t**2 - 73*t - 110. What is n(38)?
4
Let c(r) = r + 27. Calculate c(-23).
4
Let z(f) = f**2 - 8*f + 6. Calculate z(4).
-10
Let p(g) = -4*g**2 - 30*g + 18. Calculate p(-8).
2
Let a(x) = x**2 - 43*x + 278. Give a(35).
-2
Let z(r) = 2*r. Determine z(-11).
-22
Let h(d) = -d**2 - 2*d + 3. Determine h(-3).
0
Let w(x) = 2*x**3 - 11*x**2 + 13*x - 29. Determine w(5).
11
Let o(f) = -24*f**2 + 3*f - 1. Calculate o(1).
-22
Let x(j) = -j**3 + j**2 - 4. What is x(0)?
-4
Let a(t) = 4*t + 5. What is a(-2)?
-3
Let u(g) = 5*g - 1. Calculate u(3).
14
Let g(b) = -3*b - 33. Give g(-6).
-15
Let m(h) = 2*h. Give m(8).
16
Let k(z) = -21*z + 70. Determine k(4).
-14
Let b(u) = u**2 - 23*u + 43. Calculate b(21).
1
Let a(i) = i**2 + 8*i + 4. What is a(-5)?
-11
Let l(q) = -2*q**2 + 10*q - 4. Calculate l(7).
-32
Let a(r) = -9*r**2 - 14*r - 23. What is a(-2)?
-31
Let z(b) = 3*b + 8. Calculate z(-2).
2
Let b(f) = 6*f + 43. What is b(-6)?
7
Let z(h) = h**3 - 13*h**2 + 11*h + 15. Give z(12).
3
Let x(m) = m + 18. Calculate x(0).
18
Let i(u) = -12*u - 56. Give i(-5).
4
Let d(c) = -37*c + 250. Give d(7).
-9
Let v(d) = -d + 9. Calculate v(7).
2
Let l(q) = -5*q**2 + q + 1. Calculate l(-1).
-5
Let b(c) = c**2 - 5*c - 80. Give b(-8).
24
Let o(p) = -3*p**3 - p**2 + 3*p - 2. What is o(2)?
-24
Let g(i) = -i**3 - 4*i**2 - 6*i - 3. What is g(-5)?
52
Let m(d) = -d + 4. Give m(-9).
13
Let v(g) = -7*g - 204. What is v(-28)?
-8
Let m(c) = 6*c + 2. What is m(4)?
26
Let k(p) = -p + 16. Determine k(8).
8
Let x(d) = 6*d - 2. Calculate x(-3).
-20
Let s(p) = -3*p - 23. Give s(-11).
10
Let w(a) = -15*a - 108. Determine w(-9).
27
Let q(v) = 3*v**2 - v - 3. Determine q(-4).
49
Let t(z) = 7*z**3 - 4*z**2 - 3*z + 1. Give t(-2).
-65
Let o(s) = s**2 + 8*s + 14. What is o(-2)?
2
Let s(l) = l**3 + 4*l**2 - 6*l - 14. Give s(-6).
-50
Let h(m) = -2*m**3 - 31*m**2 - 15*m + 22. Calculate h(-15).
22
Let u(d) = -d**3 + 3*d**2 - 5*d + 7. Determine u(3).
-8
Let u(x) = -4*x - 223. Give u(-52).
-15
Let f(a) = a**2 + 38*a + 353. Calculate f(-19).
-8
Let v(i) = -2*i - 39. Determine v(13).
-65
Let c(f) = f**2 + f - 9. What is c(0)?
-9
Let l(p) = p + 1. Calculate l(-3).
-2
Let l(r) = r**3 + 11*r**2 - 2*r - 2. Calculate l(-11).
20
Let c(h) = -48*h - 333. What is c(-7)?
3
Let i(y) = 24*y - 506. Determine i(21).
-2
Let f(b) = b - 18. Calculate f(13).
-5
Let u(k) = -k**3 + 5*k**2 + 6*k - 12. Give u(6).
-12
Let t(c) = c**3 - 37*c**2. Give t(37).
0
Let g(u) = -u**2 - 7*u + 1. Give g(-7).
1
Let n(y) = -4*y**2 - 7*y - 4. Give n(-3).
-19
Let s(z) = -z**3 + 17*z**2 + 16*z + 39. Determine s(18).
3
Let z(v) = 7*v**3 - 3*v**2 - 5. Give z(3).
157
Let k(o) = 3*o**3 + o**2 - 2*o + 3. Calculate k(1).
5
Let w(r) = -3*r**2 - 3*r - 3. What is w(-2)?
-9
Let b(r) = -r**3 - 3*r**2 + 7*r + 3. Give b(-5).
18
Let a(l) = 11*l + 15. Give a(-9).
-84
Let b(r) = r**2 + 6*r + 6. What is b(-6)?
6
Let u(d) = d**3 - 7*d**2 - d + 5. Calculate u(6).
-37
Let m(h) = -8*h - 1. What is m(-1)?
7
Let z(w) = -w**3 + 6*w**2 + 9*w - 3. Determine z(7).
11
Let o(f) = -2*f**2 + 17*f - 20. Calculate o(7).
1
Let i(h) = h**3 + 19*h**2 - 19*h + 8. What is i(-20)?
-12
Let y(o) = o**2 - 21*o + 25. Calculate y(20).
5
Let t(j) = j**3 + 2*j**2 + j + 2. Calculate t(-3).
-10
Let v(d) = -d**2 - 7*d. Calculate v(-7).
0
Let t(f) = f**2 - 7*f - 9. Give t(7).
-9
Let v(i) = 2*i**2 + 29*i - 82. What is v(-17)?
3
Let o(d) = 2*d + 11. Give o(-9).
-7
Let p(r) = -2*r**3 + r - 1. What is p(-2)?
13
Let t(i) = -i - 5. Calculate t(6).
-11
Let g(n) = -2*n**3 - 19*n**2 + 29*n + 27. Calculate g(-11).
71
Let t(m) = -5*m + 69. Give t(12).
9
Let v(a) = 3*a**3 + 37*a**2 - 25*a + 17. Determine v(-13).
4
Let z(p) = -12*p - 3. Give z(-4).
45
Let l(w) = -2*w**2 - 53*w - 258. Give l(-20).
2
Let y(k) = -k**2 + 12. Determine y(6).
-24
Let b(s) = -s**3 + 9*s**2 - 3*s - 21. Determine b(9).
-48
Let u(o) = o**2 - 5*o + 9. Calculate u(4).
5
Let b(g) = -7*g - 24. Determine b(7).
-73
Let j(t) = -3*t + 19. Determine j(7).
-2
Let h(w) = w**3 + 11*w**2 - w + 9. Determine h(-11).
20
Let u(j) = -j**2 - 3*j + 65. What is u(-10)?
-5
Let k(j) = j**2 + 11*j + 2. Give k(-10).
-8
Let v(o) = o**3 + 2*o**2 - 5*o - 6. What is v(-4)?
-18
Let p(o) = o**2 - 19*o + 11. Calculate p(19).
11
Let u(r) = -r**2 - 3*r - 25. Give u(0).
-25
Let m(o) = 4*o**3 + 4*o**2 -